y + 22084. Calculate x(45).
304
Let f(i) = 42684*i + 298440. What is f(-7)?
-348
Let q(n) = 38*n**2 - 10070*n - 8. Determine q(265).
-8
Let i(z) = 2*z**2 + 1132*z + 25. What is i(0)?
25
Let b(g) = -g**2 - 33*g + 4845. Give b(-86).
287
Let x(h) = -1021*h**2 - 9187*h + 71. Determine x(-9).
53
Let x(s) = -2*s**3 + 21*s**2 + 275*s - 2186. Give x(-11).
-8
Let k(c) = -c**3 + 18880*c**2 + 132209*c - 8. Give k(-7).
-8
Let r(b) = -273*b + 6228. Determine r(24).
-324
Let z(v) = -v**3 + 74*v**2 + 8438*v - 749. Give z(136).
67
Let b(s) = s**3 - 340*s**2 + 12978*s + 13617. Give b(296).
1
Let a(z) = z**2 - 3967*z - 59764. Calculate a(-15).
-34
Let v(t) = t**2 - 7032*t + 105. Calculate v(0).
105
Let q(b) = 28*b**2 - 227*b + 272. Determine q(10).
802
Let r(p) = 340407*p - 6127354. What is r(18)?
-28
Let z(n) = 4776*n + 6982546. Determine z(-1462).
34
Let a(s) = s**3 + 611*s**2 - 3039*s + 25284. Calculate a(-616).
28
Let d(p) = -4051*p + 64835. What is d(16)?
19
Let h(i) = 4378*i + 105224. What is h(-24)?
152
Let v(i) = -i**2 - 6131*i - 620846. What is v(-103)?
38
Let z(u) = 10*u**2 - 208*u + 1101. What is z(17)?
455
Let n(r) = 42190*r + 506296. Give n(-12).
16
Let x(r) = r**3 + 32*r**2 + 13440*r + 474079. Determine x(-35).
4
Let k(q) = 15672*q - 109705. Calculate k(7).
-1
Let b(f) = -3*f**3 + 88*f**2 + 1199*f + 60. What is b(-10)?
-130
Let r(p) = -910*p - 6360. Give r(-7).
10
Let n(i) = 158*i**3 - 127*i**2 + 14*i - 6. Calculate n(1).
39
Let m(q) = -8*q**3 + 472*q**2 - 48*q + 2836. Calculate m(59).
4
Let h(j) = 698*j - 4831. Give h(8).
753
Let g(q) = -q**3 - 13*q**2 + 20*q + 969. Give g(12).
-2391
Let n(z) = -z**2 - 65*z + 5258. Determine n(47).
-6
Let m(p) = -p**2 + 1961*p + 193162. Determine m(-94).
-8
Let l(a) = -31025*a + 124119. Calculate l(4).
19
Let o(z) = 564*z + 51396. What is o(-91)?
72
Let f(u) = 181*u**3 - 3*u**2 + 161*u - 329. Calculate f(2).
1429
Let o(s) = s**2 - 102*s - 1025. Give o(0).
-1025
Let u(j) = -5*j**3 + 181*j**2 - 8*j - 988. Give u(36).
20
Let d(i) = -3*i**3 + 48*i**2 + 577*i - 1343. Calculate d(2).
-21
Let z(u) = 8*u**3 + 12*u**2 - 301*u + 75. Determine z(-7).
26
Let a(v) = 5*v**2 + 13331*v + 26646. Give a(-2).
4
Let y(v) = 14795*v + 91139. Determine y(-6).
2369
Let i(h) = h**3 - 191*h**2 - 23*h - 32452. Calculate i(192).
-4
Let d(l) = -154*l - 44981. Determine d(-299).
1065
Let f(l) = -64*l**3 - 22*l**2 - 45*l + 17. Give f(-3).
1682
Let z(s) = 2*s**3 + 185*s**2 - 668*s + 744. Give z(-96).
360
Let u(w) = -120*w**2 + 1116*w - 119. Give u(9).
205
Let n(r) = -r**3 - 60*r**2 - 17846*r - 1092259. Calculate n(-61).
68
Let m(i) = 5180*i + 673422. What is m(-130)?
22
Let h(r) = -738058*r - 6642519. Give h(-9).
3
Let y(z) = -54*z**2 - 5435*z - 3460. Give y(-100).
40
Let i(c) = 12*c**3 + 25*c**2 - 100*c + 109. Determine i(2).
105
Let r(i) = -2*i**3 - 126*i**2 + 825*i - 208. What is r(-69)?
-1
Let a(m) = -35031*m + 210253. What is a(6)?
67
Let n(m) = m**2 + 3*m - 117217. Determine n(-344).
87
Let t(y) = 200148*y - 20815392. Determine t(104).
0
Let o(m) = 135*m**2 + 37781*m - 5323. Give o(-280).
-3
Let w(s) = -1120*s - 11319. What is w(-9)?
-1239
Let i(j) = j**3 + 365*j**2 + 656*j - 25444. What is i(-363)?
-34
Let p(g) = 47650*g - 18488194. Determine p(388).
6
Let s(j) = -4*j**2 + 2185*j - 42221. What is s(20)?
-121
Let z(i) = 49*i**2 + 3885*i + 21551. Calculate z(-6).
5
Let p(w) = 2*w**3 - 2*w**2 - 80*w - 742. Determine p(-6).
-766
Let m(x) = -792*x - 27050. What is m(-32)?
-1706
Let q(m) = 7663*m - 306494. Determine q(40).
26
Let j(i) = 5*i**2 + 645*i + 20408. Give j(-73).
-32
Let j(b) = 55402*b + 332411. Give j(-6).
-1
Let q(z) = -16*z**3 - z**2 + 645*z - 3252. What is q(5)?
-2052
Let v(s) = -s**3 + 79*s**2 + 689*s + 319. Determine v(87).
-290
Let x(k) = -1146*k + 33133. Give x(29).
-101
Let q(v) = -v**3 + 167*v**2 - 4912*v + 1341. Calculate q(129).
51
Let l(t) = t**3 + 150*t**2 + 591*t + 416. Determine l(-146).
-606
Let t(h) = 17*h**2 - 3747*h + 1506. Determine t(220).
-34
Let s(t) = -235331*t + 941314. Determine s(4).
-10
Let r(l) = l**2 + 49055*l - 98115. Give r(2).
-1
Let u(v) = -4*v**3 - 567*v**2 + 278*v + 19466. Calculate u(-142).
154
Let b(s) = -25007*s + 120. Give b(0).
120
Let c(f) = 22*f**3 + 4445*f**2 + 206*f + 819. Give c(-202).
11
Let f(p) = -186502*p + 2984032. What is f(16)?
0
Let i(r) = 62*r**2 - 901*r + 3070. Calculate i(5).
115
Let w(g) = -2267*g - 8993. Calculate w(-4).
75
Let a(h) = 177*h**2 + 4280*h + 4806. Give a(-23).
-1
Let q(h) = 78415*h + 4391252. Calculate q(-56).
12
Let n(p) = -31000*p - 31513. Give n(-1).
-513
Let n(m) = -m**3 + 38*m**2 - 65*m - 1309. Give n(37).
-2345
Let h(y) = -y**3 + 21*y**2 - 6*y - 118. Calculate h(21).
-244
Let z(r) = -517*r**3 - 3*r**2 + 11*r + 9. Give z(-1).
512
Let d(z) = -z**3 + 56*z**2 + 22*z - 7549. Calculate d(13).
4
Let a(c) = 14*c**2 + 168*c - 57. Calculate a(2).
335
Let z(l) = 14*l**2 + 71333*l + 142663. What is z(-2)?
53
Let q(l) = -8026*l - 6051603. Determine q(-754).
1
Let w(o) = -2*o**2 + 33647*o + 572578. Calculate w(-17).
1
Let b(o) = -2983*o + 71612. Give b(24).
20
Let r(y) = -6*y**2 + 258*y + 1130. Give r(47).
2
Let m(f) = 57*f - 1190. Calculate m(36).
862
Let g(v) = -428*v - 17329. Calculate g(-41).
219
Let a(k) = -2*k**3 + 52*k**2 - k + 6. Determine a(26).
-20
Let b(g) = g**3 + 16*g**2 - 20*g + 75. Give b(-19).
-628
Let h(l) = 9*l**3 + 14*l**2 + 34*l + 91. Give h(-5).
-854
Let b(d) = -196*d**3 + 980*d**2 + 21*d - 98. Determine b(5).
7
Let d(k) = -k**3 - 433*k**2 - 7079*k - 2923. Give d(-416).
-11
Let y(u) = -7*u**2 + 318*u + 1730. Determine y(-5).
-35
Let c(b) = -39*b - 1717. Determine c(0).
-1717
Let d(w) = -1039*w - 2201. Calculate d(-2).
-123
Let z(l) = 4487*l + 9012. What is z(-2)?
38
Let s(b) = 854*b + 337193. Determine s(-395).
-137
Let h(w) = 1517*w - 207921. Determine h(137).
-92
Let t(i) = -177996*i + 711991. Determine t(4).
7
Let b(p) = -3891*p + 431723. Give b(111).
-178
Let z(a) = a**2 + 352*a + 30012. Determine z(-145).
-3
Let l(p) = 224976*p - 449937. Determine l(2).
15
Let z(i) = i**3 + 6*i**2 + 3075*i + 15319. What is z(-5)?
-31
Let c(q) = 6*q**2 - 2455*q + 17280. What is c(402)?
-6
Let i(s) = -684*s**3 + 28*s**2 - 26*s. What is i(1)?
-682
Let a(n) = -2333*n - 25452. Give a(-11).
211
Let f(p) = 4641*p + 505837. Calculate f(-109).
-32
Let v(k) = -k**2 + 753*k + 319968. Give v(-303).
0
Let l(a) = a**3 - 21*a**2 + 170*a - 1322. What is l(13)?
-464
Let q(f) = -2*f**2 + 536*f + 5566. Calculate q(-10).
6
Let t(n) = 1650*n - 13195. Determine t(8).
5
Let t(i) = -208*i - 14854. Give t(-72).
122
Let w(m) = -m**3 + 236*m**2 + 1032*m - 17256. Calculate w(240).
24
Let b(w) = w**3 - 79*w**2 + 269*w - 196. What is b(75)?
-2521
Let a(u) = -78376*u - 2586515. What is a(-33)?
-107
Let z(k) = 2*k**3 + 96*k**2 + 28*k + 1345. Calculate z(-48).
1
Let k(h) = 142*h**3 - 286*h**2 - 3*h - 3. Give k(2).
-17
Let i(d) = 7857147*d - 7857150. Calculate i(1).
-3
Let a(s) = -7*s**2 - 219*s - 1703. What is a(-16)?
9
Let i(v) = -6*v**3 + 631*v**2 + 123*v - 23935. Determine i(105).
5
Let k(v) = -56*v - 542. Give k(-6).
-206
Let g(l) = l**3 - 60*l**2 - 2013*l + 112. Give g(-24).
40
Let l(h) = 6*h**3 - 78*h**2 - 297*h + 129. What is l(16)?
-15
Let l(k) = -15061*k + 873527. Determine l(58).
-11
Let c(k) = k**2 - 320*k + 24536. Give c(193).
25
Let a(p) = 2*p**3 + 12*p**2 - 40*p - 77. Calculate a(-8).
-13
Let c(m) = -353751*m + 1768762. What is c(5)?
7
Let n(i) = -i**3 + 15*i**2 - 30*i - 47. What is n(19)?
-2061
Let a(h) = h**2 + 1537*h - 37476. Calculate a(24).
-12
Let m(r) = r**2 + 336*r - 11448. Determine m(31).
-71
Let h(r) = -7*r**2 + 152*r - 2084. Calculate h(23).
-2291
Let a(h) = 1051*h + 30026. Give a(-27).
1649
Let g(c) = c**3 + 161*c**2 + 3510*c + 194. Give g(-135).
194
Let v(g) = -16*g**2 - 11*g - 51. Determine v(-4).
-263
Let i(w) = 2*w**3 - 232*w**2 + 1015*w + 5193. Give i(-3).
6
Let f(z) = -z**3 - 9*z**2 + 2149*z + 4322. Give f(-2).
-4
Let t(z) = -2*z**3 + 65*z**2 - 293*z - 184. Give t(27).
-76
Let m(u) = -4*u**2 - 123*u - 336. What is m(-10)?
494
Let h(q) = q**3 + 23*q**2 - 1000*q - 21886. Determine h(-21).
-4
Let x(h) = -1318*h - 230730. Give x(-175).
-80
Let k(p) = p**3 - 13*p**2 + 495*p - 3691. What is k(8)?
-51
Let p(w) = w**3 - 1414*w**2 + 483981*w - 6655. Calculate p(833